ime factors of d.
2, 3, 13
Suppose 2*u + 5 = b + 3*u, 2*u + 11 = 5*b. Suppose 3*q = 5*n + 851, b*n - n + 4*q = -330. Let s = n - -300. What are the prime factors of s?
131
What are the prime factors of ((-5644)/(-6))/((-5)/(375/(-10)))?
5, 17, 83
Suppose -h - 2*b + 2872 = 0, -33*b + 31*b - 5774 = -2*h. What are the prime factors of h?
2, 11, 131
Let h(v) = -v**2 + v - 3. Let w be h(5). Let n(g) = -g**3 - 12*g**2 - 43*g - 20. Let u be n(-8). Let d = w + u. What are the prime factors of d?
3, 5
Suppose -3*a + k = -k - 3248, -2*a - 3*k = -2148. What are the prime factors of a?
2, 3, 5
Let u be (-30)/20*((-4)/2 + 4). Let r(z) = -z**3 - z**2 + 6*z - 2. Let a be r(u). What are the prime factors of 8/(-8) + (4/a - -173)?
2, 5, 17
Let i = -17107 + 25046. What are the prime factors of i?
17, 467
Suppose 3*a + 5*q - 3 = 3*q, -q = -4*a + 4. List the prime factors of (a - -1) + (8 - -3499)/7.
503
Let a(o) = -2324*o - 2804. List the prime factors of a(-10).
2, 3, 13, 131
Suppose 3*t + 5*l = 8*l + 9498, 2*l + 15836 = 5*t. List the prime factors of t.
2, 3, 11
Let g = 83 + -75. Suppose 361 = 5*j + 2*s, -g*j - s = -12*j + 281. List the prime factors of j.
71
Let d = 0 - -23. Let g(z) = -z**3 + 24*z**2 - 11*z - 6. List the prime factors of g(d).
2, 3, 5
Let j = -20297 + 52054. List the prime factors of j.
11, 2887
Suppose 4*y - 2*y + 14 = 0. Let k(i) = -4*i - 22. Let a be k(y). Suppose -90 = -f + 2*w + w, 2*w - a = 0. What are the prime factors of f?
3, 11
Let t = -379 + 382. What are the prime factors of 1642/t - 7/21?
547
Suppose -545789 - 1528102 - 165054 = -87*w. What are the prime factors of w?
5, 5147
Suppose -5*z + 31 = 2*c + 11, -5*z + 25 = 3*c. Let o(f) = -f + 14. Let b be o(c). Suppose 10*w - 34 = b*w. What are the prime factors of w?
2, 17
Let i(p) = 303*p**2 - 29*p + 10. Let r be i(-5). Suppose -206*a = -216*a + r. List the prime factors of a.
773
Suppose -i + 3184 - 630 = 0. Suppose 4256 = 5*h - 0*a - 2*a, 0 = 3*h - a - i. List the prime factors of h.
2, 3, 71
Suppose 2*v = -17*v + 16720. Let g = v + -556. What are the prime factors of g?
2, 3
Suppose 1563 = 4*h + 2*b - 8065, -4*b + 2421 = h. List the prime factors of h.
5, 13, 37
Suppose 320*k - 312*k = 14416. List the prime factors of k.
2, 17, 53
Let v = 22516 - 11615. What are the prime factors of v?
11, 991
What are the prime factors of ((-2)/(-16))/((-67)/(-536))*(18744 + -6)?
2, 3, 347
Suppose -3*t - 6*z + 2*z - 10 = 0, 4 = -z. Let v(q) = 4*q**2 + q + 2. Let y be v(-2). Suppose t*s = 18 + y. List the prime factors of s.
17
Let m(k) = -804*k + 2. Suppose -2*x = 3*o + 2, 1 = x - 2*x + o. What are the prime factors of m(x)?
2, 13, 31
Suppose 7*w + 6*w - 2490 = 295899. What are the prime factors of w?
3, 7, 1093
Let d(h) = 4*h**2 - 128*h - 7 + 78*h + 2 + 79*h. List the prime factors of d(9).
2, 5, 29
Let y be (0 - 4) + (3 - 6*-6667). What are the prime factors of y/85 + -3*4/(-30)?
3, 157
Suppose m = 6*z - 7*z - 1260, 8 = -2*m. Let a = -427 - z. List the prime factors of a.
829
Let r be 4 + (-42)/11 - (-27)/33. List the prime factors of (-1148)/(4/((-4)/r) - 1).
2, 7, 41
Let j = 61 - 58. Suppose b = -4*c + 1, 0*b + 3 = 5*c + 3*b. Suppose -5*l - 246 = -4*p - 0*p, j*p + 4*l - 169 = c. What are the prime factors of p?
59
Let y(r) = 407*r - 51. Let o be y(10). Suppose -9*u + o + 76 = 0. List the prime factors of u.
5, 7, 13
Let d = -5043 - -8423. Suppose -d = -75*u + 62*u. What are the prime factors of u?
2, 5, 13
List the prime factors of ((-1242)/162)/((-1)/357).
7, 17, 23
Let u(f) = 146*f**2 + 11*f - 55. Let t be u(6). Suppose 5*y - 4*g - 6553 = 0, 40*y - 44*y + t = 5*g. What are the prime factors of y?
13, 101
Suppose 379*l - 4167 = 378*l. What are the prime factors of l?
3, 463
Suppose 497 = 341*d - 340*d. List the prime factors of d.
7, 71
Suppose -71*z + 576649 = -51*z - 568751. What are the prime factors of z?
2, 3, 5, 23, 83
Let h be 28/(-6)*3/(-2). Let w(u) = 2*u**2 - 8*u + 6. Let t be w(3). Suppose -h*x + 12*x - 925 = t. List the prime factors of x.
5, 37
Let u be (-166)/(-22) + (-348)/638. Suppose -u*m - 222 = -544. List the prime factors of m.
2, 23
Let b = -351 - -728. Let y = b - 91. List the prime factors of y.
2, 11, 13
Let h(k) = -35*k + 1. Let g = -12 + 2. Let l be (5/g)/(2/4). List the prime factors of h(l).
2, 3
Suppose 0 = -h + 3*w + 19, -h - 9 = -5*w - 34. Let l be h/25 - 54/(-15). Suppose -3*k = l*k - 357. List the prime factors of k.
3, 17
List the prime factors of 10*2956/(-60)*-18.
2, 3, 739
Let n(z) = z**2 - 8*z + 8. Let k be n(7). Let x be 22 + (k + -9)/(-2). List the prime factors of (4 - 25/10)*x.
3, 13
Let k(r) = r**3 + 3*r**2 + 4. Let l be k(-3). Let a = -482 - -966. Suppose 0 = -l*c - 4*g + a, g - 14 = -2*c + 227. List the prime factors of c.
2, 3, 5
Suppose 0 = 3*v + 4*g - 158, 3*v = -v + 2*g + 174. Let s = -41 + v. Suppose -6 = -s*i + 19. What are the prime factors of i?
5
Suppose -2*p - 35 = 1. Let w = p - -121. Suppose 5*g - 87 = w. What are the prime factors of g?
2, 19
Let h = 231 - 326. Let l = h - -65. Let y = l + 37. List the prime factors of y.
7
Let g be (0 + 534)/(2/(-324)*-3). List the prime factors of 3 + ((-6)/(-10) - g/(-90)).
2, 3
Let z(r) be the first derivative of r**6/90 + r**5/24 - 5*r**4/8 - 4*r**3/3 - 9. Let v(n) be the third derivative of z(n). List the prime factors of v(-6).
3, 11
Let j(r) = -51 - 28 - 60 + 148*r - 312*r - 66*r. List the prime factors of j(-4).
11, 71
Let g be (12/8)/(4/8). Suppose -24 = -9*q + g*q. Suppose -480 = -4*d + q*o, 3*o + 697 = 5*d + 101. List the prime factors of d.
2, 59
Suppose 14*f = -73241 + 1337385. What are the prime factors of f?
2, 11287
Let j(g) = -4758*g - 2053. List the prime factors of j(-3).
11, 101
Let l(y) = 29*y**3 - 14*y**2 + 4*y + 8. Let p be l(6). Suppose 5*o = p - 2297. List the prime factors of o.
3, 233
Let l = -5181 - -50675. What are the prime factors of l?
2, 23, 43
Let z = -224 + 224. Suppose -21*l + 7063 + 5474 = z. List the prime factors of l.
3, 199
Let w(j) = j**3 - 2*j**2 + 4*j + 4. Suppose 7*x - 5*x = 4. Suppose -14 - 16 = -4*t + 2*l, x*t - 20 = 2*l. List the prime factors of w(t).
3, 11
Let i(x) = 163*x**2 - 11*x - 1. What are the prime factors of i(-4)?
11, 241
Suppose 83*a - 30 = 78*a. Suppose 3906 = -0*b + a*b. Suppose b = -39*p + 42*p. List the prime factors of p.
7, 31
Suppose 0 = 5*z - 25, c - 4*z = -3*z - 4. Let p(x) = x - 1. Let y be p(-5). What are the prime factors of (0 + 136/(-20))*(c + y)?
2, 17
Let i(o) = -9*o**2 + 10*o + 72. Let u(d) = 14*d**2 - 15*d - 107. Let h(j) = -8*i(j) - 5*u(j). What are the prime factors of h(-14)?
421
Suppose 4*p + 31 = -5*x + 2*x, 5*p + x = -36. Let j be 1*(2/p + 112/49). Suppose 3*a - j*a - 89 = 0. List the prime factors of a.
89
Suppose 0 = -4*c - 4*o - 30 - 42, 5*c + 90 = 5*o. List the prime factors of ((-1846)/(-4))/(c/(-36)).
13, 71
Let h be (161/(-69))/((-14)/36). Suppose -h*p + 989 - 221 = 0. What are the prime factors of p?
2
Let o = 5898 + -789. What are the prime factors of o?
3, 13, 131
Let x be (-7)/6 - -1 - (-65)/30. Let q(c) = -c**2 + 3*c. Let g be q(x). What are the prime factors of (2 + -24)*(g - 3)?
2, 11
Let u(l) = -l**3 + 3*l**2 + 38*l + 2. Let m be u(8). Let k(x) be the second derivative of -x**3/3 + 41*x**2/2 - 3*x. List the prime factors of k(m).
3, 23
Suppose 18*w - 1 = 15*w + 4*h, -3*h + 6 = 0. Suppose -3*k + 3*o + 2928 = 0, w*k + o - 3036 = -120. What are the prime factors of k?
7, 139
Suppose -v - 14332 = -3*c, -5*c = 76*v - 80*v - 23882. What are the prime factors of c?
2, 2389
Let s be 25*1*(-24)/20. Let g = s - -35. Let y(t) = 27*t + 21. What are the prime factors of y(g)?
2, 3, 13
Let z be (-4)/26 - (-56)/364. Let i(w) = -w**3 - 27*w + 239 - 2*w**2 + 60*w - 31*w. List the prime factors of i(z).
239
Let i = 26607 - 8475. What are the prime factors of i?
2, 3, 1511
Let l(q) = -q**3 + 4*q**2 + 6*q - 3. Let c be l(5). Suppose -1 = 3*w - c*w. What are the prime factors of 81 + 3 + 2 + w?
5, 17
Suppose -6*g + 8*g + k - 14 = 0, 4*g + 5*k = 34. Let f(u) = -6*u**2 + 7*u + g + 5*u**2 - 11*u**3 + 4*u**3. List the prime factors of f(-3).
3, 5, 11
Suppose 0 = f + 4*s - 9, -2*s + 21 = 2*f + 3*s. Suppose 7*m + 384 = 9*m. Suppose f*b - 15*b + m = 0. List the prime factors of b.
2, 3
Let v(x) = -x**3 + 27*x**2 + 56*x + 5